{"version":"1.0","provider_name":"Mors","provider_url":"https:\/\/kunmedierne.dk\/mors","author_name":"David H\u00f8jmark","author_url":"https:\/\/kunmedierne.dk\/mors\/author\/david\/","title":"- Vi skal have brudt Venstres absolutte flertal - Mors","type":"rich","width":600,"height":338,"html":"<blockquote class=\"wp-embedded-content\" data-secret=\"abDe8cVzUt\"><a href=\"https:\/\/kunmedierne.dk\/mors\/vi-skal-have-brudt-venstres-absolutte-flertal\/\">&#8211; Vi skal have brudt Venstres absolutte flertal<\/a><\/blockquote><iframe sandbox=\"allow-scripts\" security=\"restricted\" src=\"https:\/\/kunmedierne.dk\/mors\/vi-skal-have-brudt-venstres-absolutte-flertal\/embed\/#?secret=abDe8cVzUt\" width=\"600\" height=\"338\" title=\"&#8220;&#8211; Vi skal have brudt Venstres absolutte flertal&#8221; &#8211; Mors\" data-secret=\"abDe8cVzUt\" frameborder=\"0\" marginwidth=\"0\" marginheight=\"0\" scrolling=\"no\" class=\"wp-embedded-content\"><\/iframe><script type=\"text\/javascript\">\n\/* <![CDATA[ *\/\n\/*! This file is auto-generated *\/\n!function(d,l){\"use strict\";l.querySelector&&d.addEventListener&&\"undefined\"!=typeof URL&&(d.wp=d.wp||{},d.wp.receiveEmbedMessage||(d.wp.receiveEmbedMessage=function(e){var t=e.data;if((t||t.secret||t.message||t.value)&&!\/[^a-zA-Z0-9]\/.test(t.secret)){for(var s,r,n,a=l.querySelectorAll('iframe[data-secret=\"'+t.secret+'\"]'),o=l.querySelectorAll('blockquote[data-secret=\"'+t.secret+'\"]'),c=new RegExp(\"^https?:$\",\"i\"),i=0;i<o.length;i++)o[i].style.display=\"none\";for(i=0;i<a.length;i++)s=a[i],e.source===s.contentWindow&&(s.removeAttribute(\"style\"),\"height\"===t.message?(1e3<(r=parseInt(t.value,10))?r=1e3:~~r<200&&(r=200),s.height=r):\"link\"===t.message&&(r=new URL(s.getAttribute(\"src\")),n=new URL(t.value),c.test(n.protocol))&&n.host===r.host&&l.activeElement===s&&(d.top.location.href=t.value))}},d.addEventListener(\"message\",d.wp.receiveEmbedMessage,!1),l.addEventListener(\"DOMContentLoaded\",function(){for(var e,t,s=l.querySelectorAll(\"iframe.wp-embedded-content\"),r=0;r<s.length;r++)(t=(e=s[r]).getAttribute(\"data-secret\"))||(t=Math.random().toString(36).substring(2,12),e.src+=\"#?secret=\"+t,e.setAttribute(\"data-secret\",t)),e.contentWindow.postMessage({message:\"ready\",secret:t},\"*\")},!1)))}(window,document);\n\/\/# sourceURL=https:\/\/kunmedierne.dk\/mors\/wp-includes\/js\/wp-embed.min.js\n\/* ]]> *\/\n<\/script>\n","thumbnail_url":"https:\/\/kunmedierne.dk\/mors\/wp-content\/uploads\/2021\/01\/Lars-Bo-Majgaard.jpg","thumbnail_width":770,"thumbnail_height":513,"description":"MORS: Der skal mere milj\u00f8 og klimapolitik p\u00e5 dagsordenen i kommunalbestyrelsen. Og beslutningerne i det lokale parlament skal i h\u00f8jere grad tages hen over midten. Det mener en af dem, der til november fors\u00f8ger at blive valgt. Og rent faktisk tog Lars Bo Majgaard, ny kandidat for Radikale Venstre, beslutningen om at stille op som [&hellip;]"}

David Højmark

MORS: Der skal mere miljø og klimapolitik på dagsordenen i kommunalbestyrelsen. Og beslutningerne i det lokale parlament skal i højere grad tages hen over midten. Det mener en af dem, der til november forsøger at blive valgt. Og rent faktisk tog Lars Bo Majgaard, ny kandidat for Radikale Venstre, beslutningen om at stille op som [&hellip;]
